)/(-1). Let c(h) = h - 7. Let l(q) = q - 6. Let d(k) = -4*c(k) + 5*l(k). Calculate the remainder when 13 is divided by d(n).
3
Suppose -3*i = -14*i + 539. What is the remainder when i is divided by 25?
24
Suppose 11 - 41 = -2*f. What is the remainder when 44 is divided by f?
14
Let p(f) = 4*f**2 + 1. Let w be p(1). Let m = -9 + w. Calculate the remainder when 2/8 + (-111)/m is divided by 10.
8
Suppose 0 = -10*w + 228 + 42. Calculate the remainder when 103 is divided by w.
22
Let y = 11 + -9. Suppose -y*a + 33 = 7. Let o(q) = q**3 - 7*q**2 + 3*q + 3. Calculate the remainder when o(7) is divided by a.
11
Let w(g) = g**3 - 6*g**2 - 2*g - 17. Calculate the remainder when 89 is divided by w(7).
17
Suppose 4*s + v - 2*v - 76 = 0, 0 = s + 4*v - 36. What is the remainder when 77 is divided by s?
17
Suppose h - v + 1 = -0, 13 = -h - 3*v. Suppose 5*t + 24 = t. Calculate the remainder when (t/(-7))/(h/(-112)) is divided by 13.
11
Let v be (-10)/(-70) - (-15)/(-7). What is the remainder when 30 is divided by (-21)/v + 4/8?
8
Suppose 8 = 13*m - 12*m. What is the remainder when m is divided by 3?
2
Suppose 0 - 30 = 5*t. Let s(q) = -2*q**2 - 1 + 3*q + q**3 + 10*q**2 + 4*q. Calculate the remainder when s(t) is divided by 15.
14
Suppose x = 6*x. Suppose 2*g + 156 = -0*o + 4*o, -4*o - 4*g + 132 = x. Calculate the remainder when o is divided by 20.
17
Let v = -4 + 6. Suppose -v*x = 3 - 1. What is the remainder when 16 is divided by (-4 - x)/(2/(-6))?
7
Let j(u) = -6*u + 2. Suppose -2*x - x = 6. What is the remainder when 26 is divided by j(x)?
12
Suppose 2*c - 5*z - 43 = 0, -4*c + 2*z + 3*z + 81 = 0. What is the remainder when c is divided by 10?
9
Suppose -b = -1 - 10. Calculate the remainder when 28 is divided by b.
6
Suppose -4 = 2*j + 2*j. Calculate the remainder when (j/(-2))/((-2)/(-52)) is divided by 7.
6
Suppose 5*f - 1 = v + v, 5*v = 5*f + 20. Let c = 7 - 2. Suppose -4*m = 2*n - 56, -4*m + 45 = -c*n + 3. What is the remainder when m is divided by v?
6
Let g(f) = -5*f + f**3 - 2 + 12*f - 2*f**2 - 6*f**2. Let j be g(7). Calculate the remainder when 8 is divided by (j/(-3))/(10/45).
2
Suppose 11 + 0 = n - 3*i, 2*n = 2*i + 30. Calculate the remainder when n is divided by 6.
5
Suppose 3*j + 68 = 4*g - j, 2*g = -3*j + 9. Suppose 6*d - 3*d - 102 = 0. What is the remainder when d is divided by g?
10
Calculate the remainder when -5*-2*(0 - (-25)/10) is divided by 1/((1/(-13))/(-1)).
12
Calculate the remainder when 125 is divided by ((-32)/(-5))/((-4)/(-20)).
29
Let w(r) = -r**3 - 4*r**2 - 4*r + 2. Calculate the remainder when w(-6) is divided by 34.
30
Let c(o) = o**3 - 7*o**2 + 4*o - 2. Calculate the remainder when 103 is divided by c(7).
25
Calculate the remainder when 69 is divided by (-168)/16*(0 - 4/6).
6
What is the remainder when 58 is divided by (-4)/8 - 186/(-12)?
13
Suppose 5*a + 2*h - 35 - 31 = 0, -5*h - 80 = -5*a. Let c = 9 + a. Suppose 3*g - 19 = 5*k, -2 = 2*k - 4*k. What is the remainder when c is divided by g?
7
Let x(v) = -v + 5. Let k be x(3). What is the remainder when k*(-2)/(-2)*1 is divided by 1?
0
Suppose 4*y + k - 34 = 35, -3*y = k - 53. Let w be (-2 - 94) + -2 + 5. What is the remainder when 0 - (-3)/((-9)/w) is divided by y?
15
Suppose 12*o = 82 + 218. What is the remainder when 74 is divided by o?
24
Suppose 54 = 5*f - 31. Let o be (-2)/(-10) + (-27)/(-15). Let p = o + 3. What is the remainder when f is divided by p?
2
Let m = 15 + -7. Let p = -2 - -5. Suppose 42 = p*z - 0*z. What is the remainder when z is divided by m?
6
Let x(s) = s**3 - 3*s**2 - 2*s + 1. What is the remainder when x(5) is divided by 14?
13
Suppose 8 = 4*f - 4*m, -f - m + 1 = 5. What is the remainder when (3 - 16/f) + -2 is divided by 10?
7
Suppose 4*g = 2*s - 4, -28 = -2*s - 4*g - 0. What is the remainder when (s/(-6))/((-2)/36) is divided by 13?
11
Suppose 0 = 4*p - 5*k - 15, 30 = 2*p - 0*k + 2*k. Calculate the remainder when 68 is divided by p.
8
Let v = -28 - -40. Calculate the remainder when 69 is divided by v.
9
Suppose -15 - 93 = -9*i. What is the remainder when 17 is divided by i?
5
Suppose 5*p - 130 - 25 = 0. Calculate the remainder when p is divided by 21.
10
What is the remainder when 29 is divided by (-2)/(-12) + (-404)/(-24)?
12
Let n be (-1)/(-1 - (-3)/4). Let z = n + 0. Calculate the remainder when 9 is divided by z.
1
Let p(q) = 4*q**2 + q - 4. Calculate the remainder when 78 is divided by p(-2).
8
What is the remainder when 666/8 + -1*4/16 is divided by 43?
40
Let a(q) = 2*q**2 - 4*q - 2. Let s = -7 - -11. Let l = 87 - 47. Calculate the remainder when l is divided by a(s).
12
Let w(x) = 8*x**2 - 8 - 2*x**2 + 3*x**2 - 3*x**3 + 3*x + 2*x**3. Let q be w(8). Suppose -6*i + q = -2*i. What is the remainder when i is divided by 7?
6
Let d be 4/6*54/9. Let z = 10 - d. Calculate the remainder when (3 - 22/z)*-9 is divided by 4.
2
Let i = -24 - -59. Let b(l) = -3*l**2 - 15*l + 12. Calculate the remainder when i is divided by b(-5).
11
Calculate the remainder when (2 + (-3 - -2))*67 is divided by 23.
21
Let c = 28 + -20. Let z = 24 - 21. Calculate the remainder when c is divided by z.
2
Let v = 79 - 15. Calculate the remainder when v is divided by 17.
13
Suppose 1 = w - 4. Suppose 3*c = c + 6. Suppose 0 = k - 2*x + w*x - 23, c*k - 5*x = 41. What is the remainder when 32 is divided by k?
15
Suppose -2*b = -7*b + 10. Suppose -b*o + 4*o + 2*a - 72 = 0, 164 = 5*o - 3*a. What is the remainder when o is divided by 9?
7
Let x(z) = z**2 - z + 6. Calculate the remainder when x(5) is divided by (-141)/(-18) + 1 - (-3)/18.
8
What is the remainder when 16 is divided by (1*-7)/((-9)/2 + 4)?
2
Suppose 0 = -4*l - 5*h + 124, l + h - 31 = -0*h. Suppose -5*x + 284 = -l. Calculate the remainder when x is divided by 16.
15
Suppose -121 = -5*t - 3*p, -3*p - 82 = -5*t + 57. What is the remainder when t is divided by 18?
8
Suppose -5*h + 20 = -0*h. Let l(d) = d**3 - 2*d**2 + 2. Let m be l(h). What is the remainder when (m/(-4))/((-2)/4) is divided by 9?
8
Let m = 2 + 8. What is the remainder when m is divided by 6?
4
Let p(m) = 3*m + 1. Let z(j) = 3*j**3 - 2*j + 1. Let n be z(1). Suppose 0 = -3*k + n*k + 1. Calculate the remainder when p(k) is divided by 2.
0
What is the remainder when 73 is divided by (37 - -1)*3/6?
16
Suppose 4*t - 2*i = 5 + 5, 4*t - 30 = -2*i. Suppose j + 3*w = 2 + 24, t*w + 52 = 2*j. What is the remainder when j is divided by 14?
12
Let g(r) = r**3 + 5*r**2 + 4*r + 3. Suppose 5*z + 10 = -10. Suppose -d = -4 - 4. Calculate the remainder when d is divided by g(z).
2
Let j be ((1 + -2)*4)/(-1). Suppose 4*m = 19 - 3, 2*v = -m + 14. Suppose -j*x + v*x = 7. Calculate the remainder when 13 is divided by x.
6
Let j = -27 + 92. What is the remainder when j is divided by 11?
10
Let z = -32 - -96. Suppose -4*p = -4*m + 47 - 127, 78 = 4*p - 5*m. What is the remainder when z is divided by p?
20
Let v(o) = -5*o**3 - o**2 - 3*o - 4. Let b(d) = d**3 - d**2. Let c(r) = -6*b(r) - v(r). Calculate the remainder when c(7) is divided by 14.
11
Suppose -8*s = -4*s - 232. What is the remainder when s is divided by 20?
18
Calculate the remainder when 175 is divided by (0 - (-9)/(-2))*(5 + -13).
31
Suppose -33 = -3*o + 6. Calculate the remainder when 23 is divided by o.
10
Suppose 4*l - 9*l + 140 = 0. Calculate the remainder when 82 is divided by l.
26
Let f = -14 - 10. Let s = 41 + f. What is the remainder when 50 is divided by s?
16
What is the remainder when 2/(-3)*(-1590)/20 is divided by 14?
11
Suppose 2*j = -a - 9, 2*a = j - 3*a - 23. Let r = j + 7. What is the remainder when 18 is divided by r?
3
Suppose 2*q - 15 = -o, -o + 5 = -0. Suppose 3*d = 3*y, -2*y + 3*y + 2*d - 6 = 0. Let z = 5 - y. Calculate the remainder when q is divided by z.
2
Let f = -12 - -17. Suppose 0*u - f*u + 180 = 0. Suppose u = 2*p - 4*h, 2*p - p - 5*h = 6. What is the remainder when p is divided by 9?
8
Suppose -3*y + 2*y + 37 = -u, 0 = 4*y + 3*u - 169. What is the remainder when 2/7 + 1626/42 is divided by (y/(-6))/(1/(-3))?
19
Let m = 145 + -112. What is the remainder when 95 is divided by m?
29
Let i(r) = 11*r. Let t = -6 + 3. Let n = 1 - t. Calculate the remainder when i(1) is divided by n.
3
Calculate the remainder when 66 is divided by 987/42 + 2/(-4).
20
Suppose 3*v + 5*f = -9, -3*v + 12 = -3*f + f